{"id":156369,"date":"2025-08-25T18:15:00","date_gmt":"2025-08-25T17:15:00","guid":{"rendered":"https:\/\/www.copealcoy.es\/wp-content\/uploads\/2025\/08\/0.jpg"},"modified":"2025-08-25T18:17:38","modified_gmt":"2025-08-25T17:17:38","slug":"fiestas-beniarres-2025","status":"inherit","type":"attachment","link":"https:\/\/www.copealcoy.es\/es\/beniarres-celebro-sus-fiestas-patronales-con-gran-participacion\/fiestas-beniarres-2025\/","title":{"rendered":"Fiestas Beniarr\u00e9s 2025"},"author":1,"featured_media":0,"comment_status":"closed","ping_status":"closed","template":"","meta":[],"class_list":["post-156369","attachment","type-attachment","status-inherit","hentry"],"yoast_head":"<!-- This site is optimized with the Yoast SEO plugin v27.3 - https:\/\/yoast.com\/product\/yoast-seo-wordpress\/ -->\n<title>Fiestas Beniarr\u00e9s 2025 - COPE Alcoy<\/title>\n<meta name=\"robots\" content=\"index, follow, max-snippet:-1, max-image-preview:large, max-video-preview:-1\" \/>\n<link rel=\"canonical\" href=\"https:\/\/www.copealcoy.es\/es\/beniarres-celebro-sus-fiestas-patronales-con-gran-participacion\/fiestas-beniarres-2025\/\" \/>\n<meta property=\"og:locale\" content=\"es_ES\" \/>\n<meta property=\"og:type\" content=\"article\" \/>\n<meta property=\"og:title\" content=\"Fiestas Beniarr\u00e9s 2025 - COPE Alcoy\" \/>\n<meta property=\"og:url\" content=\"https:\/\/www.copealcoy.es\/es\/beniarres-celebro-sus-fiestas-patronales-con-gran-participacion\/fiestas-beniarres-2025\/\" \/>\n<meta property=\"og:site_name\" content=\"COPE Alcoy\" \/>\n<meta property=\"article:modified_time\" content=\"2025-08-25T17:17:38+00:00\" \/>\n<meta property=\"og:image\" content=\"https:\/\/www.copealcoy.es\/wp-content\/uploads\/2025\/08\/0.jpg\" \/>\n\t<meta property=\"og:image:width\" content=\"1095\" \/>\n\t<meta property=\"og:image:height\" content=\"673\" \/>\n\t<meta property=\"og:image:type\" content=\"image\/jpeg\" \/>\n<script type=\"application\/ld+json\" class=\"yoast-schema-graph\">{\"@context\":\"https:\\\/\\\/schema.org\",\"@graph\":[{\"@type\":\"WebPage\",\"@id\":\"https:\\\/\\\/www.copealcoy.es\\\/es\\\/beniarres-celebro-sus-fiestas-patronales-con-gran-participacion\\\/fiestas-beniarres-2025\\\/\",\"url\":\"https:\\\/\\\/www.copealcoy.es\\\/es\\\/beniarres-celebro-sus-fiestas-patronales-con-gran-participacion\\\/fiestas-beniarres-2025\\\/\",\"name\":\"Fiestas Beniarr\u00e9s 2025 - COPE Alcoy\",\"isPartOf\":{\"@id\":\"https:\\\/\\\/www.copealcoy.es\\\/es\\\/#website\"},\"datePublished\":\"2025-08-25T17:15:00+00:00\",\"dateModified\":\"2025-08-25T17:17:38+00:00\",\"breadcrumb\":{\"@id\":\"https:\\\/\\\/www.copealcoy.es\\\/es\\\/beniarres-celebro-sus-fiestas-patronales-con-gran-participacion\\\/fiestas-beniarres-2025\\\/#breadcrumb\"},\"inLanguage\":\"es\",\"potentialAction\":[{\"@type\":\"ReadAction\",\"target\":[\"https:\\\/\\\/www.copealcoy.es\\\/es\\\/beniarres-celebro-sus-fiestas-patronales-con-gran-participacion\\\/fiestas-beniarres-2025\\\/\"]}]},{\"@type\":\"BreadcrumbList\",\"@id\":\"https:\\\/\\\/www.copealcoy.es\\\/es\\\/beniarres-celebro-sus-fiestas-patronales-con-gran-participacion\\\/fiestas-beniarres-2025\\\/#breadcrumb\",\"itemListElement\":[{\"@type\":\"ListItem\",\"position\":1,\"name\":\"Portada\",\"item\":\"https:\\\/\\\/www.copealcoy.es\\\/es\\\/\"},{\"@type\":\"ListItem\",\"position\":2,\"name\":\"Beniarr\u00e9s celebr\u00f3 sus fiestas patronales con gran participaci\u00f3n\",\"item\":\"https:\\\/\\\/www.copealcoy.es\\\/es\\\/beniarres-celebro-sus-fiestas-patronales-con-gran-participacion\\\/\"},{\"@type\":\"ListItem\",\"position\":3,\"name\":\"Fiestas Beniarr\u00e9s 2025\"}]},{\"@type\":\"WebSite\",\"@id\":\"https:\\\/\\\/www.copealcoy.es\\\/es\\\/#website\",\"url\":\"https:\\\/\\\/www.copealcoy.es\\\/es\\\/\",\"name\":\"COPE Alcoy\",\"description\":\"Emisora COPE de radio local con emisi\u00f3n online. Pont de Sant Jordi 8-10 03803 Alcoy\",\"potentialAction\":[{\"@type\":\"SearchAction\",\"target\":{\"@type\":\"EntryPoint\",\"urlTemplate\":\"https:\\\/\\\/www.copealcoy.es\\\/es\\\/?s={search_term_string}\"},\"query-input\":{\"@type\":\"PropertyValueSpecification\",\"valueRequired\":true,\"valueName\":\"search_term_string\"}}],\"inLanguage\":\"es\"}]}<\/script>\n<!-- \/ Yoast SEO plugin. -->","yoast_head_json":{"title":"Fiestas Beniarr\u00e9s 2025 - COPE Alcoy","robots":{"index":"index","follow":"follow","max-snippet":"max-snippet:-1","max-image-preview":"max-image-preview:large","max-video-preview":"max-video-preview:-1"},"canonical":"https:\/\/www.copealcoy.es\/es\/beniarres-celebro-sus-fiestas-patronales-con-gran-participacion\/fiestas-beniarres-2025\/","og_locale":"es_ES","og_type":"article","og_title":"Fiestas Beniarr\u00e9s 2025 - COPE Alcoy","og_url":"https:\/\/www.copealcoy.es\/es\/beniarres-celebro-sus-fiestas-patronales-con-gran-participacion\/fiestas-beniarres-2025\/","og_site_name":"COPE Alcoy","article_modified_time":"2025-08-25T17:17:38+00:00","og_image":[{"width":1095,"height":673,"url":"https:\/\/www.copealcoy.es\/wp-content\/uploads\/2025\/08\/0.jpg","type":"image\/jpeg"}],"schema":{"@context":"https:\/\/schema.org","@graph":[{"@type":"WebPage","@id":"https:\/\/www.copealcoy.es\/es\/beniarres-celebro-sus-fiestas-patronales-con-gran-participacion\/fiestas-beniarres-2025\/","url":"https:\/\/www.copealcoy.es\/es\/beniarres-celebro-sus-fiestas-patronales-con-gran-participacion\/fiestas-beniarres-2025\/","name":"Fiestas Beniarr\u00e9s 2025 - COPE Alcoy","isPartOf":{"@id":"https:\/\/www.copealcoy.es\/es\/#website"},"datePublished":"2025-08-25T17:15:00+00:00","dateModified":"2025-08-25T17:17:38+00:00","breadcrumb":{"@id":"https:\/\/www.copealcoy.es\/es\/beniarres-celebro-sus-fiestas-patronales-con-gran-participacion\/fiestas-beniarres-2025\/#breadcrumb"},"inLanguage":"es","potentialAction":[{"@type":"ReadAction","target":["https:\/\/www.copealcoy.es\/es\/beniarres-celebro-sus-fiestas-patronales-con-gran-participacion\/fiestas-beniarres-2025\/"]}]},{"@type":"BreadcrumbList","@id":"https:\/\/www.copealcoy.es\/es\/beniarres-celebro-sus-fiestas-patronales-con-gran-participacion\/fiestas-beniarres-2025\/#breadcrumb","itemListElement":[{"@type":"ListItem","position":1,"name":"Portada","item":"https:\/\/www.copealcoy.es\/es\/"},{"@type":"ListItem","position":2,"name":"Beniarr\u00e9s celebr\u00f3 sus fiestas patronales con gran participaci\u00f3n","item":"https:\/\/www.copealcoy.es\/es\/beniarres-celebro-sus-fiestas-patronales-con-gran-participacion\/"},{"@type":"ListItem","position":3,"name":"Fiestas Beniarr\u00e9s 2025"}]},{"@type":"WebSite","@id":"https:\/\/www.copealcoy.es\/es\/#website","url":"https:\/\/www.copealcoy.es\/es\/","name":"COPE Alcoy","description":"Emisora COPE de radio local con emisi\u00f3n online. Pont de Sant Jordi 8-10 03803 Alcoy","potentialAction":[{"@type":"SearchAction","target":{"@type":"EntryPoint","urlTemplate":"https:\/\/www.copealcoy.es\/es\/?s={search_term_string}"},"query-input":{"@type":"PropertyValueSpecification","valueRequired":true,"valueName":"search_term_string"}}],"inLanguage":"es"}]}},"description":{"rendered":"<p class=\"attachment\"><a href='https:\/\/www.copealcoy.es\/wp-content\/uploads\/2025\/08\/0.jpg'><img loading=\"lazy\" decoding=\"async\" width=\"413\" height=\"455\" src=\"https:\/\/www.copealcoy.es\/wp-content\/uploads\/2025\/08\/0-413x455.jpg\" class=\"attachment-medium size-medium\" alt=\"\" \/><\/a><\/p>\n"},"caption":{"rendered":""},"alt_text":"","media_type":"image","mime_type":"image\/jpeg","media_details":{"width":1095,"height":673,"file":"2025\/08\/0.jpg","filesize":68979,"sizes":{"medium":{"file":"0-413x455.jpg","width":413,"height":455,"filesize":33535,"mime_type":"image\/jpeg","source_url":"https:\/\/www.copealcoy.es\/wp-content\/uploads\/2025\/08\/0-413x455.jpg"},"large":{"file":"0-980x588.jpg","width":980,"height":588,"filesize":72833,"mime_type":"image\/jpeg","source_url":"https:\/\/www.copealcoy.es\/wp-content\/uploads\/2025\/08\/0-980x588.jpg"},"thumbnail":{"file":"0-300x300.jpg","width":300,"height":300,"filesize":18353,"mime_type":"image\/jpeg","source_url":"https:\/\/www.copealcoy.es\/wp-content\/uploads\/2025\/08\/0-300x300.jpg"},"medium_large":{"file":"0-768x472.jpg","width":768,"height":472,"filesize":50109,"mime_type":"image\/jpeg","source_url":"https:\/\/www.copealcoy.es\/wp-content\/uploads\/2025\/08\/0-768x472.jpg"},"mnky-100x100":{"file":"0-100x100.jpg","width":100,"height":100,"filesize":3737,"mime_type":"image\/jpeg","source_url":"https:\/\/www.copealcoy.es\/wp-content\/uploads\/2025\/08\/0-100x100.jpg"},"mnky-200x200":{"file":"0-200x200.jpg","width":200,"height":200,"filesize":9603,"mime_type":"image\/jpeg","source_url":"https:\/\/www.copealcoy.es\/wp-content\/uploads\/2025\/08\/0-200x200.jpg"},"mnky-300x200":{"file":"0-300x200.jpg","width":300,"height":200,"filesize":12227,"mime_type":"image\/jpeg","source_url":"https:\/\/www.copealcoy.es\/wp-content\/uploads\/2025\/08\/0-300x200.jpg"},"mnky-600x400":{"file":"0-600x400.jpg","width":600,"height":400,"filesize":36839,"mime_type":"image\/jpeg","source_url":"https:\/\/www.copealcoy.es\/wp-content\/uploads\/2025\/08\/0-600x400.jpg"},"cmplz_banner_image":{"file":"0-350x100.jpg","width":350,"height":100,"filesize":7307,"mime_type":"image\/jpeg","source_url":"https:\/\/www.copealcoy.es\/wp-content\/uploads\/2025\/08\/0-350x100.jpg"},"full":{"file":"0.jpg","width":1095,"height":673,"mime_type":"image\/jpeg","source_url":"https:\/\/www.copealcoy.es\/wp-content\/uploads\/2025\/08\/0.jpg"}},"image_meta":{"aperture":"0","credit":"","camera":"","caption":"","created_timestamp":"0","copyright":"","focal_length":"0","iso":"0","shutter_speed":"0","title":"","orientation":"0","keywords":[]}},"post":156366,"source_url":"https:\/\/www.copealcoy.es\/wp-content\/uploads\/2025\/08\/0.jpg","_links":{"self":[{"href":"https:\/\/www.copealcoy.es\/es\/wp-json\/wp\/v2\/media\/156369","targetHints":{"allow":["GET"]}}],"collection":[{"href":"https:\/\/www.copealcoy.es\/es\/wp-json\/wp\/v2\/media"}],"about":[{"href":"https:\/\/www.copealcoy.es\/es\/wp-json\/wp\/v2\/types\/attachment"}],"author":[{"embeddable":true,"href":"https:\/\/www.copealcoy.es\/es\/wp-json\/wp\/v2\/users\/1"}],"wp:attached-to":[{"embeddable":true,"post_type":"post","id":156366,"href":"https:\/\/www.copealcoy.es\/es\/wp-json\/wp\/v2\/posts\/156366"}],"curies":[{"name":"wp","href":"https:\/\/api.w.org\/{rel}","templated":true}]}}

Fiestas Beniarrés 2025

<!-- This site is optimized with the Yoast SEO plugin v27.3 - https://yoast.com/product/yoast-seo-wordpress/ -->
<title>Fiestas Beniarrés 2025 - COPE Alcoy</title>
<meta name="robots" content="index, follow, max-snippet:-1, max-image-preview:large, max-video-preview:-1" />
<link rel="canonical" href="https://www.copealcoy.es/es/beniarres-celebro-sus-fiestas-patronales-con-gran-participacion/fiestas-beniarres-2025/" />
<meta property="og:locale" content="es_ES" />
<meta property="og:type" content="article" />
<meta property="og:title" content="Fiestas Beniarrés 2025 - COPE Alcoy" />
<meta property="og:url" content="https://www.copealcoy.es/es/beniarres-celebro-sus-fiestas-patronales-con-gran-participacion/fiestas-beniarres-2025/" />
<meta property="og:site_name" content="COPE Alcoy" />
<meta property="article:modified_time" content="2025-08-25T17:17:38+00:00" />
<meta property="og:image" content="https://www.copealcoy.es/wp-content/uploads/2025/08/0.jpg" />
	<meta property="og:image:width" content="1095" />
	<meta property="og:image:height" content="673" />
	<meta property="og:image:type" content="image/jpeg" />
<script type="application/ld+json" class="yoast-schema-graph">{"@context":"https:\/\/schema.org","@graph":[{"@type":"WebPage","@id":"https:\/\/www.copealcoy.es\/es\/beniarres-celebro-sus-fiestas-patronales-con-gran-participacion\/fiestas-beniarres-2025\/","url":"https:\/\/www.copealcoy.es\/es\/beniarres-celebro-sus-fiestas-patronales-con-gran-participacion\/fiestas-beniarres-2025\/","name":"Fiestas Beniarrés 2025 - COPE Alcoy","isPartOf":{"@id":"https:\/\/www.copealcoy.es\/es\/#website"},"datePublished":"2025-08-25T17:15:00+00:00","dateModified":"2025-08-25T17:17:38+00:00","breadcrumb":{"@id":"https:\/\/www.copealcoy.es\/es\/beniarres-celebro-sus-fiestas-patronales-con-gran-participacion\/fiestas-beniarres-2025\/#breadcrumb"},"inLanguage":"es","potentialAction":[{"@type":"ReadAction","target":["https:\/\/www.copealcoy.es\/es\/beniarres-celebro-sus-fiestas-patronales-con-gran-participacion\/fiestas-beniarres-2025\/"]}]},{"@type":"BreadcrumbList","@id":"https:\/\/www.copealcoy.es\/es\/beniarres-celebro-sus-fiestas-patronales-con-gran-participacion\/fiestas-beniarres-2025\/#breadcrumb","itemListElement":[{"@type":"ListItem","position":1,"name":"Portada","item":"https:\/\/www.copealcoy.es\/es\/"},{"@type":"ListItem","position":2,"name":"Beniarrés celebró sus fiestas patronales con gran participación","item":"https:\/\/www.copealcoy.es\/es\/beniarres-celebro-sus-fiestas-patronales-con-gran-participacion\/"},{"@type":"ListItem","position":3,"name":"Fiestas Beniarrés 2025"}]},{"@type":"WebSite","@id":"https:\/\/www.copealcoy.es\/es\/#website","url":"https:\/\/www.copealcoy.es\/es\/","name":"COPE Alcoy","description":"Emisora COPE de radio local con emisión online. Pont de Sant Jordi 8-10 03803 Alcoy","potentialAction":[{"@type":"SearchAction","target":{"@type":"EntryPoint","urlTemplate":"https:\/\/www.copealcoy.es\/es\/?s={search_term_string}"},"query-input":{"@type":"PropertyValueSpecification","valueRequired":true,"valueName":"search_term_string"}}],"inLanguage":"es"}]}</script>
<!-- / Yoast SEO plugin. -->

Fiestas Beniarrés 2025 - COPE Alcoy

Beniarrés celebró sus fiestas patronales con gran participación

Emisora COPE de radio local con emisión online. Pont de Sant Jordi 8-10 03803 Alcoy
