{"id":151935,"date":"2025-05-08T10:07:42","date_gmt":"2025-05-08T09:07:42","guid":{"rendered":"https:\/\/www.copealcoy.es\/wp-content\/uploads\/2025\/05\/IMG_3160.jpg"},"modified":"2025-05-08T10:14:20","modified_gmt":"2025-05-08T09:14:20","slug":"img_3160","status":"inherit","type":"attachment","link":"https:\/\/www.copealcoy.es\/es\/el-monumento-de-san-hipolito-de-cocentaina-cumple-25-anos\/img_3160\/","title":{"rendered":"25 a\u00f1os Monumento San Hip\u00f3lito"},"author":1,"featured_media":0,"comment_status":"closed","ping_status":"closed","template":"","meta":[],"class_list":["post-151935","attachment","type-attachment","status-inherit","hentry"],"yoast_head":"<!-- This site is optimized with the Yoast SEO plugin v27.3 - https:\/\/yoast.com\/product\/yoast-seo-wordpress\/ -->\n<title>25 a\u00f1os Monumento San Hip\u00f3lito - COPE Alcoy<\/title>\n<meta name=\"robots\" content=\"index, follow, max-snippet:-1, max-image-preview:large, max-video-preview:-1\" \/>\n<link rel=\"canonical\" href=\"https:\/\/www.copealcoy.es\/es\/el-monumento-de-san-hipolito-de-cocentaina-cumple-25-anos\/img_3160\/\" \/>\n<meta property=\"og:locale\" content=\"es_ES\" \/>\n<meta property=\"og:type\" content=\"article\" \/>\n<meta property=\"og:title\" content=\"25 a\u00f1os Monumento San Hip\u00f3lito - COPE Alcoy\" \/>\n<meta property=\"og:url\" content=\"https:\/\/www.copealcoy.es\/es\/el-monumento-de-san-hipolito-de-cocentaina-cumple-25-anos\/img_3160\/\" \/>\n<meta property=\"og:site_name\" content=\"COPE Alcoy\" \/>\n<meta property=\"article:modified_time\" content=\"2025-05-08T09:14:20+00:00\" \/>\n<meta property=\"og:image\" content=\"https:\/\/www.copealcoy.es\/wp-content\/uploads\/2025\/05\/IMG_3160-scaled.jpg\" \/>\n\t<meta property=\"og:image:width\" content=\"2560\" \/>\n\t<meta property=\"og:image:height\" content=\"1707\" \/>\n\t<meta property=\"og:image:type\" content=\"image\/jpeg\" \/>\n<script type=\"application\/ld+json\" class=\"yoast-schema-graph\">{\"@context\":\"https:\\\/\\\/schema.org\",\"@graph\":[{\"@type\":\"WebPage\",\"@id\":\"https:\\\/\\\/www.copealcoy.es\\\/es\\\/el-monumento-de-san-hipolito-de-cocentaina-cumple-25-anos\\\/img_3160\\\/\",\"url\":\"https:\\\/\\\/www.copealcoy.es\\\/es\\\/el-monumento-de-san-hipolito-de-cocentaina-cumple-25-anos\\\/img_3160\\\/\",\"name\":\"25 a\u00f1os Monumento San Hip\u00f3lito - COPE Alcoy\",\"isPartOf\":{\"@id\":\"https:\\\/\\\/www.copealcoy.es\\\/es\\\/#website\"},\"datePublished\":\"2025-05-08T09:07:42+00:00\",\"dateModified\":\"2025-05-08T09:14:20+00:00\",\"breadcrumb\":{\"@id\":\"https:\\\/\\\/www.copealcoy.es\\\/es\\\/el-monumento-de-san-hipolito-de-cocentaina-cumple-25-anos\\\/img_3160\\\/#breadcrumb\"},\"inLanguage\":\"es\",\"potentialAction\":[{\"@type\":\"ReadAction\",\"target\":[\"https:\\\/\\\/www.copealcoy.es\\\/es\\\/el-monumento-de-san-hipolito-de-cocentaina-cumple-25-anos\\\/img_3160\\\/\"]}]},{\"@type\":\"BreadcrumbList\",\"@id\":\"https:\\\/\\\/www.copealcoy.es\\\/es\\\/el-monumento-de-san-hipolito-de-cocentaina-cumple-25-anos\\\/img_3160\\\/#breadcrumb\",\"itemListElement\":[{\"@type\":\"ListItem\",\"position\":1,\"name\":\"Portada\",\"item\":\"https:\\\/\\\/www.copealcoy.es\\\/es\\\/\"},{\"@type\":\"ListItem\",\"position\":2,\"name\":\"El Monumento de San Hip\u00f3lito M\u00e1rtir de Cocentaina cumple 25 a\u00f1os\",\"item\":\"https:\\\/\\\/www.copealcoy.es\\\/es\\\/el-monumento-de-san-hipolito-de-cocentaina-cumple-25-anos\\\/\"},{\"@type\":\"ListItem\",\"position\":3,\"name\":\"25 a\u00f1os Monumento San Hip\u00f3lito\"}]},{\"@type\":\"WebSite\",\"@id\":\"https:\\\/\\\/www.copealcoy.es\\\/es\\\/#website\",\"url\":\"https:\\\/\\\/www.copealcoy.es\\\/es\\\/\",\"name\":\"COPE Alcoy\",\"description\":\"Emisora COPE de radio local con emisi\u00f3n online. Pont de Sant Jordi 8-10 03803 Alcoy\",\"potentialAction\":[{\"@type\":\"SearchAction\",\"target\":{\"@type\":\"EntryPoint\",\"urlTemplate\":\"https:\\\/\\\/www.copealcoy.es\\\/es\\\/?s={search_term_string}\"},\"query-input\":{\"@type\":\"PropertyValueSpecification\",\"valueRequired\":true,\"valueName\":\"search_term_string\"}}],\"inLanguage\":\"es\"}]}<\/script>\n<!-- \/ Yoast SEO plugin. -->","yoast_head_json":{"title":"25 a\u00f1os Monumento San Hip\u00f3lito - COPE Alcoy","robots":{"index":"index","follow":"follow","max-snippet":"max-snippet:-1","max-image-preview":"max-image-preview:large","max-video-preview":"max-video-preview:-1"},"canonical":"https:\/\/www.copealcoy.es\/es\/el-monumento-de-san-hipolito-de-cocentaina-cumple-25-anos\/img_3160\/","og_locale":"es_ES","og_type":"article","og_title":"25 a\u00f1os Monumento San Hip\u00f3lito - COPE Alcoy","og_url":"https:\/\/www.copealcoy.es\/es\/el-monumento-de-san-hipolito-de-cocentaina-cumple-25-anos\/img_3160\/","og_site_name":"COPE Alcoy","article_modified_time":"2025-05-08T09:14:20+00:00","og_image":[{"width":2560,"height":1707,"url":"https:\/\/www.copealcoy.es\/wp-content\/uploads\/2025\/05\/IMG_3160-scaled.jpg","type":"image\/jpeg"}],"schema":{"@context":"https:\/\/schema.org","@graph":[{"@type":"WebPage","@id":"https:\/\/www.copealcoy.es\/es\/el-monumento-de-san-hipolito-de-cocentaina-cumple-25-anos\/img_3160\/","url":"https:\/\/www.copealcoy.es\/es\/el-monumento-de-san-hipolito-de-cocentaina-cumple-25-anos\/img_3160\/","name":"25 a\u00f1os Monumento San Hip\u00f3lito - COPE Alcoy","isPartOf":{"@id":"https:\/\/www.copealcoy.es\/es\/#website"},"datePublished":"2025-05-08T09:07:42+00:00","dateModified":"2025-05-08T09:14:20+00:00","breadcrumb":{"@id":"https:\/\/www.copealcoy.es\/es\/el-monumento-de-san-hipolito-de-cocentaina-cumple-25-anos\/img_3160\/#breadcrumb"},"inLanguage":"es","potentialAction":[{"@type":"ReadAction","target":["https:\/\/www.copealcoy.es\/es\/el-monumento-de-san-hipolito-de-cocentaina-cumple-25-anos\/img_3160\/"]}]},{"@type":"BreadcrumbList","@id":"https:\/\/www.copealcoy.es\/es\/el-monumento-de-san-hipolito-de-cocentaina-cumple-25-anos\/img_3160\/#breadcrumb","itemListElement":[{"@type":"ListItem","position":1,"name":"Portada","item":"https:\/\/www.copealcoy.es\/es\/"},{"@type":"ListItem","position":2,"name":"El Monumento de San Hip\u00f3lito M\u00e1rtir de Cocentaina cumple 25 a\u00f1os","item":"https:\/\/www.copealcoy.es\/es\/el-monumento-de-san-hipolito-de-cocentaina-cumple-25-anos\/"},{"@type":"ListItem","position":3,"name":"25 a\u00f1os Monumento San Hip\u00f3lito"}]},{"@type":"WebSite","@id":"https:\/\/www.copealcoy.es\/es\/#website","url":"https:\/\/www.copealcoy.es\/es\/","name":"COPE Alcoy","description":"Emisora COPE de radio local con emisi\u00f3n online. Pont de Sant Jordi 8-10 03803 Alcoy","potentialAction":[{"@type":"SearchAction","target":{"@type":"EntryPoint","urlTemplate":"https:\/\/www.copealcoy.es\/es\/?s={search_term_string}"},"query-input":{"@type":"PropertyValueSpecification","valueRequired":true,"valueName":"search_term_string"}}],"inLanguage":"es"}]}},"description":{"rendered":"<p class=\"attachment\"><a href='https:\/\/www.copealcoy.es\/wp-content\/uploads\/2025\/05\/IMG_3160-scaled.jpg'><img loading=\"lazy\" decoding=\"async\" width=\"413\" height=\"455\" src=\"https:\/\/www.copealcoy.es\/wp-content\/uploads\/2025\/05\/IMG_3160-413x455.jpg\" class=\"attachment-medium size-medium\" alt=\"\" \/><\/a><\/p>\n"},"caption":{"rendered":""},"alt_text":"","media_type":"image","mime_type":"image\/jpeg","media_details":{"width":2560,"height":1707,"file":"2025\/05\/IMG_3160-scaled.jpg","filesize":654305,"sizes":{"medium":{"file":"IMG_3160-413x455.jpg","width":413,"height":455,"filesize":73119,"mime_type":"image\/jpeg","source_url":"https:\/\/www.copealcoy.es\/wp-content\/uploads\/2025\/05\/IMG_3160-413x455.jpg"},"large":{"file":"IMG_3160-980x588.jpg","width":980,"height":588,"filesize":149144,"mime_type":"image\/jpeg","source_url":"https:\/\/www.copealcoy.es\/wp-content\/uploads\/2025\/05\/IMG_3160-980x588.jpg"},"thumbnail":{"file":"IMG_3160-300x300.jpg","width":300,"height":300,"filesize":54846,"mime_type":"image\/jpeg","source_url":"https:\/\/www.copealcoy.es\/wp-content\/uploads\/2025\/05\/IMG_3160-300x300.jpg"},"medium_large":{"file":"IMG_3160-768x512.jpg","width":768,"height":512,"filesize":112995,"mime_type":"image\/jpeg","source_url":"https:\/\/www.copealcoy.es\/wp-content\/uploads\/2025\/05\/IMG_3160-768x512.jpg"},"1536x1536":{"file":"IMG_3160-1536x1024.jpg","width":1536,"height":1024,"filesize":296736,"mime_type":"image\/jpeg","source_url":"https:\/\/www.copealcoy.es\/wp-content\/uploads\/2025\/05\/IMG_3160-1536x1024.jpg"},"2048x2048":{"file":"IMG_3160-2048x1365.jpg","width":2048,"height":1365,"filesize":461168,"mime_type":"image\/jpeg","source_url":"https:\/\/www.copealcoy.es\/wp-content\/uploads\/2025\/05\/IMG_3160-2048x1365.jpg"},"mnky-100x100":{"file":"IMG_3160-100x100.jpg","width":100,"height":100,"filesize":36369,"mime_type":"image\/jpeg","source_url":"https:\/\/www.copealcoy.es\/wp-content\/uploads\/2025\/05\/IMG_3160-100x100.jpg"},"mnky-200x200":{"file":"IMG_3160-200x200.jpg","width":200,"height":200,"filesize":43829,"mime_type":"image\/jpeg","source_url":"https:\/\/www.copealcoy.es\/wp-content\/uploads\/2025\/05\/IMG_3160-200x200.jpg"},"mnky-300x200":{"file":"IMG_3160-300x200.jpg","width":300,"height":200,"filesize":48594,"mime_type":"image\/jpeg","source_url":"https:\/\/www.copealcoy.es\/wp-content\/uploads\/2025\/05\/IMG_3160-300x200.jpg"},"mnky-600x400":{"file":"IMG_3160-600x400.jpg","width":600,"height":400,"filesize":85117,"mime_type":"image\/jpeg","source_url":"https:\/\/www.copealcoy.es\/wp-content\/uploads\/2025\/05\/IMG_3160-600x400.jpg"},"mnky-1200x800":{"file":"IMG_3160-1200x800.jpg","width":1200,"height":800,"filesize":206220,"mime_type":"image\/jpeg","source_url":"https:\/\/www.copealcoy.es\/wp-content\/uploads\/2025\/05\/IMG_3160-1200x800.jpg"},"cmplz_banner_image":{"file":"IMG_3160-350x100.jpg","width":350,"height":100,"filesize":44344,"mime_type":"image\/jpeg","source_url":"https:\/\/www.copealcoy.es\/wp-content\/uploads\/2025\/05\/IMG_3160-350x100.jpg"},"full":{"file":"IMG_3160-scaled.jpg","width":2560,"height":1707,"mime_type":"image\/jpeg","source_url":"https:\/\/www.copealcoy.es\/wp-content\/uploads\/2025\/05\/IMG_3160-scaled.jpg"}},"image_meta":{"aperture":"2.5","credit":"","camera":"Canon PowerShot G5 X","caption":"","created_timestamp":"1746560905","copyright":"","focal_length":"8.8","iso":"125","shutter_speed":"0.033333333333333","title":"","orientation":"1","keywords":[]},"original_image":"IMG_3160.jpg"},"post":151911,"source_url":"https:\/\/www.copealcoy.es\/wp-content\/uploads\/2025\/05\/IMG_3160-scaled.jpg","_links":{"self":[{"href":"https:\/\/www.copealcoy.es\/es\/wp-json\/wp\/v2\/media\/151935","targetHints":{"allow":["GET"]}}],"collection":[{"href":"https:\/\/www.copealcoy.es\/es\/wp-json\/wp\/v2\/media"}],"about":[{"href":"https:\/\/www.copealcoy.es\/es\/wp-json\/wp\/v2\/types\/attachment"}],"author":[{"embeddable":true,"href":"https:\/\/www.copealcoy.es\/es\/wp-json\/wp\/v2\/users\/1"}],"wp:attached-to":[{"embeddable":true,"post_type":"post","id":151911,"href":"https:\/\/www.copealcoy.es\/es\/wp-json\/wp\/v2\/posts\/151911"}],"curies":[{"name":"wp","href":"https:\/\/api.w.org\/{rel}","templated":true}]}}

25 años Monumento San Hipólito

<!-- This site is optimized with the Yoast SEO plugin v27.3 - https://yoast.com/product/yoast-seo-wordpress/ -->
<title>25 años Monumento San Hipólito - COPE Alcoy</title>
<meta name="robots" content="index, follow, max-snippet:-1, max-image-preview:large, max-video-preview:-1" />
<link rel="canonical" href="https://www.copealcoy.es/es/el-monumento-de-san-hipolito-de-cocentaina-cumple-25-anos/img_3160/" />
<meta property="og:locale" content="es_ES" />
<meta property="og:type" content="article" />
<meta property="og:title" content="25 años Monumento San Hipólito - COPE Alcoy" />
<meta property="og:url" content="https://www.copealcoy.es/es/el-monumento-de-san-hipolito-de-cocentaina-cumple-25-anos/img_3160/" />
<meta property="og:site_name" content="COPE Alcoy" />
<meta property="article:modified_time" content="2025-05-08T09:14:20+00:00" />
<meta property="og:image" content="https://www.copealcoy.es/wp-content/uploads/2025/05/IMG_3160-scaled.jpg" />
	<meta property="og:image:width" content="2560" />
	<meta property="og:image:height" content="1707" />
	<meta property="og:image:type" content="image/jpeg" />
<script type="application/ld+json" class="yoast-schema-graph">{"@context":"https:\/\/schema.org","@graph":[{"@type":"WebPage","@id":"https:\/\/www.copealcoy.es\/es\/el-monumento-de-san-hipolito-de-cocentaina-cumple-25-anos\/img_3160\/","url":"https:\/\/www.copealcoy.es\/es\/el-monumento-de-san-hipolito-de-cocentaina-cumple-25-anos\/img_3160\/","name":"25 años Monumento San Hipólito - COPE Alcoy","isPartOf":{"@id":"https:\/\/www.copealcoy.es\/es\/#website"},"datePublished":"2025-05-08T09:07:42+00:00","dateModified":"2025-05-08T09:14:20+00:00","breadcrumb":{"@id":"https:\/\/www.copealcoy.es\/es\/el-monumento-de-san-hipolito-de-cocentaina-cumple-25-anos\/img_3160\/#breadcrumb"},"inLanguage":"es","potentialAction":[{"@type":"ReadAction","target":["https:\/\/www.copealcoy.es\/es\/el-monumento-de-san-hipolito-de-cocentaina-cumple-25-anos\/img_3160\/"]}]},{"@type":"BreadcrumbList","@id":"https:\/\/www.copealcoy.es\/es\/el-monumento-de-san-hipolito-de-cocentaina-cumple-25-anos\/img_3160\/#breadcrumb","itemListElement":[{"@type":"ListItem","position":1,"name":"Portada","item":"https:\/\/www.copealcoy.es\/es\/"},{"@type":"ListItem","position":2,"name":"El Monumento de San Hipólito Mártir de Cocentaina cumple 25 años","item":"https:\/\/www.copealcoy.es\/es\/el-monumento-de-san-hipolito-de-cocentaina-cumple-25-anos\/"},{"@type":"ListItem","position":3,"name":"25 años Monumento San Hipólito"}]},{"@type":"WebSite","@id":"https:\/\/www.copealcoy.es\/es\/#website","url":"https:\/\/www.copealcoy.es\/es\/","name":"COPE Alcoy","description":"Emisora COPE de radio local con emisión online. Pont de Sant Jordi 8-10 03803 Alcoy","potentialAction":[{"@type":"SearchAction","target":{"@type":"EntryPoint","urlTemplate":"https:\/\/www.copealcoy.es\/es\/?s={search_term_string}"},"query-input":{"@type":"PropertyValueSpecification","valueRequired":true,"valueName":"search_term_string"}}],"inLanguage":"es"}]}</script>
<!-- / Yoast SEO plugin. -->

25 años Monumento San Hipólito - COPE Alcoy

El Monumento de San Hipólito Mártir de Cocentaina cumple 25 años

Emisora COPE de radio local con emisión online. Pont de Sant Jordi 8-10 03803 Alcoy
