{"id":121546,"date":"2023-09-11T11:47:34","date_gmt":"2023-09-11T10:47:34","guid":{"rendered":"https:\/\/www.copealcoy.es\/wp-content\/uploads\/2023\/09\/IMG-4873.jpg"},"modified":"2023-09-11T11:48:41","modified_gmt":"2023-09-11T10:48:41","slug":"img-4873","status":"inherit","type":"attachment","link":"https:\/\/www.copealcoy.es\/es\/la-unificacion-del-bosco-es-ya-una-realidad-mas-de-treinta-anos-despues\/img-4873\/","title":{"rendered":"IMG-4873"},"author":1,"featured_media":0,"comment_status":"open","ping_status":"closed","template":"","meta":[],"class_list":["post-121546","attachment","type-attachment","status-inherit","hentry"],"yoast_head":"<!-- This site is optimized with the Yoast SEO plugin v27.3 - https:\/\/yoast.com\/product\/yoast-seo-wordpress\/ -->\n<title>IMG-4873 - COPE Alcoy<\/title>\n<meta name=\"robots\" content=\"index, follow, max-snippet:-1, max-image-preview:large, max-video-preview:-1\" \/>\n<link rel=\"canonical\" href=\"https:\/\/www.copealcoy.es\/es\/la-unificacion-del-bosco-es-ya-una-realidad-mas-de-treinta-anos-despues\/img-4873\/\" \/>\n<meta property=\"og:locale\" content=\"es_ES\" \/>\n<meta property=\"og:type\" content=\"article\" \/>\n<meta property=\"og:title\" content=\"IMG-4873 - COPE Alcoy\" \/>\n<meta property=\"og:url\" content=\"https:\/\/www.copealcoy.es\/es\/la-unificacion-del-bosco-es-ya-una-realidad-mas-de-treinta-anos-despues\/img-4873\/\" \/>\n<meta property=\"og:site_name\" content=\"COPE Alcoy\" \/>\n<meta property=\"article:modified_time\" content=\"2023-09-11T10:48:41+00:00\" \/>\n<meta property=\"og:image\" content=\"https:\/\/www.copealcoy.es\/wp-content\/uploads\/2023\/09\/IMG-4873-scaled.jpg\" \/>\n\t<meta property=\"og:image:width\" content=\"1440\" \/>\n\t<meta property=\"og:image:height\" content=\"1080\" \/>\n\t<meta property=\"og:image:type\" content=\"image\/jpeg\" \/>\n<script type=\"application\/ld+json\" class=\"yoast-schema-graph\">{\"@context\":\"https:\\\/\\\/schema.org\",\"@graph\":[{\"@type\":\"WebPage\",\"@id\":\"https:\\\/\\\/www.copealcoy.es\\\/es\\\/la-unificacion-del-bosco-es-ya-una-realidad-mas-de-treinta-anos-despues\\\/img-4873\\\/\",\"url\":\"https:\\\/\\\/www.copealcoy.es\\\/es\\\/la-unificacion-del-bosco-es-ya-una-realidad-mas-de-treinta-anos-despues\\\/img-4873\\\/\",\"name\":\"IMG-4873 - COPE Alcoy\",\"isPartOf\":{\"@id\":\"https:\\\/\\\/www.copealcoy.es\\\/es\\\/#website\"},\"datePublished\":\"2023-09-11T10:47:34+00:00\",\"dateModified\":\"2023-09-11T10:48:41+00:00\",\"breadcrumb\":{\"@id\":\"https:\\\/\\\/www.copealcoy.es\\\/es\\\/la-unificacion-del-bosco-es-ya-una-realidad-mas-de-treinta-anos-despues\\\/img-4873\\\/#breadcrumb\"},\"inLanguage\":\"es\",\"potentialAction\":[{\"@type\":\"ReadAction\",\"target\":[\"https:\\\/\\\/www.copealcoy.es\\\/es\\\/la-unificacion-del-bosco-es-ya-una-realidad-mas-de-treinta-anos-despues\\\/img-4873\\\/\"]}]},{\"@type\":\"BreadcrumbList\",\"@id\":\"https:\\\/\\\/www.copealcoy.es\\\/es\\\/la-unificacion-del-bosco-es-ya-una-realidad-mas-de-treinta-anos-despues\\\/img-4873\\\/#breadcrumb\",\"itemListElement\":[{\"@type\":\"ListItem\",\"position\":1,\"name\":\"Portada\",\"item\":\"https:\\\/\\\/www.copealcoy.es\\\/es\\\/\"},{\"@type\":\"ListItem\",\"position\":2,\"name\":\"La unificaci\u00f3n del Bosco es ya una realidad m\u00e1s de treinta a\u00f1os despu\u00e9s\",\"item\":\"https:\\\/\\\/www.copealcoy.es\\\/es\\\/la-unificacion-del-bosco-es-ya-una-realidad-mas-de-treinta-anos-despues\\\/\"},{\"@type\":\"ListItem\",\"position\":3,\"name\":\"IMG-4873\"}]},{\"@type\":\"WebSite\",\"@id\":\"https:\\\/\\\/www.copealcoy.es\\\/es\\\/#website\",\"url\":\"https:\\\/\\\/www.copealcoy.es\\\/es\\\/\",\"name\":\"COPE Alcoy\",\"description\":\"Emisora COPE de radio local con emisi\u00f3n online. Pont de Sant Jordi 8-10 03803 Alcoy\",\"potentialAction\":[{\"@type\":\"SearchAction\",\"target\":{\"@type\":\"EntryPoint\",\"urlTemplate\":\"https:\\\/\\\/www.copealcoy.es\\\/es\\\/?s={search_term_string}\"},\"query-input\":{\"@type\":\"PropertyValueSpecification\",\"valueRequired\":true,\"valueName\":\"search_term_string\"}}],\"inLanguage\":\"es\"}]}<\/script>\n<!-- \/ Yoast SEO plugin. -->","yoast_head_json":{"title":"IMG-4873 - COPE Alcoy","robots":{"index":"index","follow":"follow","max-snippet":"max-snippet:-1","max-image-preview":"max-image-preview:large","max-video-preview":"max-video-preview:-1"},"canonical":"https:\/\/www.copealcoy.es\/es\/la-unificacion-del-bosco-es-ya-una-realidad-mas-de-treinta-anos-despues\/img-4873\/","og_locale":"es_ES","og_type":"article","og_title":"IMG-4873 - COPE Alcoy","og_url":"https:\/\/www.copealcoy.es\/es\/la-unificacion-del-bosco-es-ya-una-realidad-mas-de-treinta-anos-despues\/img-4873\/","og_site_name":"COPE Alcoy","article_modified_time":"2023-09-11T10:48:41+00:00","og_image":[{"width":1440,"height":1080,"url":"https:\/\/www.copealcoy.es\/wp-content\/uploads\/2023\/09\/IMG-4873-scaled.jpg","type":"image\/jpeg"}],"schema":{"@context":"https:\/\/schema.org","@graph":[{"@type":"WebPage","@id":"https:\/\/www.copealcoy.es\/es\/la-unificacion-del-bosco-es-ya-una-realidad-mas-de-treinta-anos-despues\/img-4873\/","url":"https:\/\/www.copealcoy.es\/es\/la-unificacion-del-bosco-es-ya-una-realidad-mas-de-treinta-anos-despues\/img-4873\/","name":"IMG-4873 - COPE Alcoy","isPartOf":{"@id":"https:\/\/www.copealcoy.es\/es\/#website"},"datePublished":"2023-09-11T10:47:34+00:00","dateModified":"2023-09-11T10:48:41+00:00","breadcrumb":{"@id":"https:\/\/www.copealcoy.es\/es\/la-unificacion-del-bosco-es-ya-una-realidad-mas-de-treinta-anos-despues\/img-4873\/#breadcrumb"},"inLanguage":"es","potentialAction":[{"@type":"ReadAction","target":["https:\/\/www.copealcoy.es\/es\/la-unificacion-del-bosco-es-ya-una-realidad-mas-de-treinta-anos-despues\/img-4873\/"]}]},{"@type":"BreadcrumbList","@id":"https:\/\/www.copealcoy.es\/es\/la-unificacion-del-bosco-es-ya-una-realidad-mas-de-treinta-anos-despues\/img-4873\/#breadcrumb","itemListElement":[{"@type":"ListItem","position":1,"name":"Portada","item":"https:\/\/www.copealcoy.es\/es\/"},{"@type":"ListItem","position":2,"name":"La unificaci\u00f3n del Bosco es ya una realidad m\u00e1s de treinta a\u00f1os despu\u00e9s","item":"https:\/\/www.copealcoy.es\/es\/la-unificacion-del-bosco-es-ya-una-realidad-mas-de-treinta-anos-despues\/"},{"@type":"ListItem","position":3,"name":"IMG-4873"}]},{"@type":"WebSite","@id":"https:\/\/www.copealcoy.es\/es\/#website","url":"https:\/\/www.copealcoy.es\/es\/","name":"COPE Alcoy","description":"Emisora COPE de radio local con emisi\u00f3n online. Pont de Sant Jordi 8-10 03803 Alcoy","potentialAction":[{"@type":"SearchAction","target":{"@type":"EntryPoint","urlTemplate":"https:\/\/www.copealcoy.es\/es\/?s={search_term_string}"},"query-input":{"@type":"PropertyValueSpecification","valueRequired":true,"valueName":"search_term_string"}}],"inLanguage":"es"}]}},"description":{"rendered":"<p class=\"attachment\"><a href='https:\/\/www.copealcoy.es\/wp-content\/uploads\/2023\/09\/IMG-4873-scaled.jpg'><img loading=\"lazy\" decoding=\"async\" width=\"413\" height=\"455\" src=\"https:\/\/www.copealcoy.es\/wp-content\/uploads\/2023\/09\/IMG-4873-413x455.jpg\" class=\"attachment-medium size-medium\" alt=\"\" \/><\/a><\/p>\n"},"caption":{"rendered":""},"alt_text":"","media_type":"image","mime_type":"image\/jpeg","media_details":{"width":1440,"height":1080,"file":"2023\/09\/IMG-4873-scaled.jpg","filesize":306404,"sizes":{"medium":{"file":"IMG-4873-413x455.jpg","width":413,"height":455,"filesize":41836,"mime_type":"image\/jpeg","source_url":"https:\/\/www.copealcoy.es\/wp-content\/uploads\/2023\/09\/IMG-4873-413x455.jpg"},"large":{"file":"IMG-4873-980x588.jpg","width":980,"height":588,"filesize":140834,"mime_type":"image\/jpeg","source_url":"https:\/\/www.copealcoy.es\/wp-content\/uploads\/2023\/09\/IMG-4873-980x588.jpg"},"thumbnail":{"file":"IMG-4873-300x300.jpg","width":300,"height":300,"filesize":21059,"mime_type":"image\/jpeg","source_url":"https:\/\/www.copealcoy.es\/wp-content\/uploads\/2023\/09\/IMG-4873-300x300.jpg"},"medium_large":{"file":"IMG-4873-768x576.jpg","width":768,"height":576,"filesize":98095,"mime_type":"image\/jpeg","source_url":"https:\/\/www.copealcoy.es\/wp-content\/uploads\/2023\/09\/IMG-4873-768x576.jpg"},"1536x1536":{"file":"IMG-4873-1536x1152.jpg","width":1536,"height":1152,"filesize":374177,"mime_type":"image\/jpeg","source_url":"https:\/\/www.copealcoy.es\/wp-content\/uploads\/2023\/09\/IMG-4873-1536x1152.jpg"},"2048x2048":{"file":"IMG-4873-2048x1536.jpg","width":2048,"height":1536,"filesize":637352,"mime_type":"image\/jpeg","source_url":"https:\/\/www.copealcoy.es\/wp-content\/uploads\/2023\/09\/IMG-4873-2048x1536.jpg"},"mnky-100x100":{"file":"IMG-4873-100x100.jpg","width":100,"height":100,"filesize":3372,"mime_type":"image\/jpeg","source_url":"https:\/\/www.copealcoy.es\/wp-content\/uploads\/2023\/09\/IMG-4873-100x100.jpg"},"mnky-200x200":{"file":"IMG-4873-200x200.jpg","width":200,"height":200,"filesize":9977,"mime_type":"image\/jpeg","source_url":"https:\/\/www.copealcoy.es\/wp-content\/uploads\/2023\/09\/IMG-4873-200x200.jpg"},"mnky-300x200":{"file":"IMG-4873-300x200.jpg","width":300,"height":200,"filesize":15454,"mime_type":"image\/jpeg","source_url":"https:\/\/www.copealcoy.es\/wp-content\/uploads\/2023\/09\/IMG-4873-300x200.jpg"},"mnky-600x400":{"file":"IMG-4873-600x400.jpg","width":600,"height":400,"filesize":57028,"mime_type":"image\/jpeg","source_url":"https:\/\/www.copealcoy.es\/wp-content\/uploads\/2023\/09\/IMG-4873-600x400.jpg"},"mnky-1200x800":{"file":"IMG-4873-1200x800.jpg","width":1200,"height":800,"filesize":219497,"mime_type":"image\/jpeg","source_url":"https:\/\/www.copealcoy.es\/wp-content\/uploads\/2023\/09\/IMG-4873-1200x800.jpg"},"cmplz_banner_image":{"file":"IMG-4873-350x100.jpg","width":350,"height":100,"filesize":12990,"mime_type":"image\/jpeg","source_url":"https:\/\/www.copealcoy.es\/wp-content\/uploads\/2023\/09\/IMG-4873-350x100.jpg"},"full":{"file":"IMG-4873-scaled.jpg","width":1440,"height":1080,"mime_type":"image\/jpeg","source_url":"https:\/\/www.copealcoy.es\/wp-content\/uploads\/2023\/09\/IMG-4873-scaled.jpg"}},"image_meta":{"aperture":"1.8","credit":"","camera":"iPhone 11","caption":"","created_timestamp":"1694424461","copyright":"","focal_length":"4.25","iso":"32","shutter_speed":"0.00026001040041602","title":"","orientation":"1","keywords":[]},"original_image":"IMG-4873.jpg"},"post":121521,"source_url":"https:\/\/www.copealcoy.es\/wp-content\/uploads\/2023\/09\/IMG-4873-scaled.jpg","_links":{"self":[{"href":"https:\/\/www.copealcoy.es\/es\/wp-json\/wp\/v2\/media\/121546","targetHints":{"allow":["GET"]}}],"collection":[{"href":"https:\/\/www.copealcoy.es\/es\/wp-json\/wp\/v2\/media"}],"about":[{"href":"https:\/\/www.copealcoy.es\/es\/wp-json\/wp\/v2\/types\/attachment"}],"author":[{"embeddable":true,"href":"https:\/\/www.copealcoy.es\/es\/wp-json\/wp\/v2\/users\/1"}],"wp:attached-to":[{"embeddable":true,"post_type":"post","id":121521,"href":"https:\/\/www.copealcoy.es\/es\/wp-json\/wp\/v2\/posts\/121521"}],"curies":[{"name":"wp","href":"https:\/\/api.w.org\/{rel}","templated":true}]}}

<!-- This site is optimized with the Yoast SEO plugin v27.3 - https://yoast.com/product/yoast-seo-wordpress/ -->
<title>IMG-4873 - COPE Alcoy</title>
<meta name="robots" content="index, follow, max-snippet:-1, max-image-preview:large, max-video-preview:-1" />
<link rel="canonical" href="https://www.copealcoy.es/es/la-unificacion-del-bosco-es-ya-una-realidad-mas-de-treinta-anos-despues/img-4873/" />
<meta property="og:locale" content="es_ES" />
<meta property="og:type" content="article" />
<meta property="og:title" content="IMG-4873 - COPE Alcoy" />
<meta property="og:url" content="https://www.copealcoy.es/es/la-unificacion-del-bosco-es-ya-una-realidad-mas-de-treinta-anos-despues/img-4873/" />
<meta property="og:site_name" content="COPE Alcoy" />
<meta property="article:modified_time" content="2023-09-11T10:48:41+00:00" />
<meta property="og:image" content="https://www.copealcoy.es/wp-content/uploads/2023/09/IMG-4873-scaled.jpg" />
	<meta property="og:image:width" content="1440" />
	<meta property="og:image:height" content="1080" />
	<meta property="og:image:type" content="image/jpeg" />
<script type="application/ld+json" class="yoast-schema-graph">{"@context":"https:\/\/schema.org","@graph":[{"@type":"WebPage","@id":"https:\/\/www.copealcoy.es\/es\/la-unificacion-del-bosco-es-ya-una-realidad-mas-de-treinta-anos-despues\/img-4873\/","url":"https:\/\/www.copealcoy.es\/es\/la-unificacion-del-bosco-es-ya-una-realidad-mas-de-treinta-anos-despues\/img-4873\/","name":"IMG-4873 - COPE Alcoy","isPartOf":{"@id":"https:\/\/www.copealcoy.es\/es\/#website"},"datePublished":"2023-09-11T10:47:34+00:00","dateModified":"2023-09-11T10:48:41+00:00","breadcrumb":{"@id":"https:\/\/www.copealcoy.es\/es\/la-unificacion-del-bosco-es-ya-una-realidad-mas-de-treinta-anos-despues\/img-4873\/#breadcrumb"},"inLanguage":"es","potentialAction":[{"@type":"ReadAction","target":["https:\/\/www.copealcoy.es\/es\/la-unificacion-del-bosco-es-ya-una-realidad-mas-de-treinta-anos-despues\/img-4873\/"]}]},{"@type":"BreadcrumbList","@id":"https:\/\/www.copealcoy.es\/es\/la-unificacion-del-bosco-es-ya-una-realidad-mas-de-treinta-anos-despues\/img-4873\/#breadcrumb","itemListElement":[{"@type":"ListItem","position":1,"name":"Portada","item":"https:\/\/www.copealcoy.es\/es\/"},{"@type":"ListItem","position":2,"name":"La unificación del Bosco es ya una realidad más de treinta años después","item":"https:\/\/www.copealcoy.es\/es\/la-unificacion-del-bosco-es-ya-una-realidad-mas-de-treinta-anos-despues\/"},{"@type":"ListItem","position":3,"name":"IMG-4873"}]},{"@type":"WebSite","@id":"https:\/\/www.copealcoy.es\/es\/#website","url":"https:\/\/www.copealcoy.es\/es\/","name":"COPE Alcoy","description":"Emisora COPE de radio local con emisión online. Pont de Sant Jordi 8-10 03803 Alcoy","potentialAction":[{"@type":"SearchAction","target":{"@type":"EntryPoint","urlTemplate":"https:\/\/www.copealcoy.es\/es\/?s={search_term_string}"},"query-input":{"@type":"PropertyValueSpecification","valueRequired":true,"valueName":"search_term_string"}}],"inLanguage":"es"}]}</script>
<!-- / Yoast SEO plugin. -->

La unificación del Bosco es ya una realidad más de treinta años después

Emisora COPE de radio local con emisión online. Pont de Sant Jordi 8-10 03803 Alcoy
