{"id":111945,"date":"2023-03-13T09:09:30","date_gmt":"2023-03-13T08:09:30","guid":{"rendered":"https:\/\/www.copealcoy.es\/wp-content\/uploads\/2023\/03\/\u00a9-PSTFotografia-0002-090323-Optimizada.jpg"},"modified":"2023-03-13T09:15:38","modified_gmt":"2023-03-13T08:15:38","slug":"pstfotografia-0002-090323-optimizada","status":"inherit","type":"attachment","link":"https:\/\/www.copealcoy.es\/es\/galeria-asi-fue-la-presentacion-del-anuario-2022-de-cope-alcoy\/pstfotografia-0002-090323-optimizada\/","title":{"rendered":"\u00a9 PSTFotografia 0002 &#8211; 090323 Optimizada"},"author":1,"featured_media":0,"comment_status":"open","ping_status":"closed","template":"","meta":[],"class_list":["post-111945","attachment","type-attachment","status-inherit","hentry"],"yoast_head":"<!-- This site is optimized with the Yoast SEO plugin v27.3 - https:\/\/yoast.com\/product\/yoast-seo-wordpress\/ -->\n<title>\u00a9 PSTFotografia 0002 - 090323 Optimizada - COPE Alcoy<\/title>\n<meta name=\"robots\" content=\"index, follow, max-snippet:-1, max-image-preview:large, max-video-preview:-1\" \/>\n<link rel=\"canonical\" href=\"https:\/\/www.copealcoy.es\/es\/galeria-asi-fue-la-presentacion-del-anuario-2022-de-cope-alcoy\/pstfotografia-0002-090323-optimizada\/\" \/>\n<meta property=\"og:locale\" content=\"es_ES\" \/>\n<meta property=\"og:type\" content=\"article\" \/>\n<meta property=\"og:title\" content=\"\u00a9 PSTFotografia 0002 - 090323 Optimizada - COPE Alcoy\" \/>\n<meta property=\"og:description\" content=\"Anuario 2022\" \/>\n<meta property=\"og:url\" content=\"https:\/\/www.copealcoy.es\/es\/galeria-asi-fue-la-presentacion-del-anuario-2022-de-cope-alcoy\/pstfotografia-0002-090323-optimizada\/\" \/>\n<meta property=\"og:site_name\" content=\"COPE Alcoy\" \/>\n<meta property=\"article:modified_time\" content=\"2023-03-13T08:15:38+00:00\" \/>\n<meta property=\"og:image\" content=\"https:\/\/www.copealcoy.es\/wp-content\/uploads\/2023\/03\/\u00a9-PSTFotografia-0002-090323-Optimizada.jpg\" \/>\n\t<meta property=\"og:image:width\" content=\"1600\" \/>\n\t<meta property=\"og:image:height\" content=\"1065\" \/>\n\t<meta property=\"og:image:type\" content=\"image\/jpeg\" \/>\n<script type=\"application\/ld+json\" class=\"yoast-schema-graph\">{\"@context\":\"https:\\\/\\\/schema.org\",\"@graph\":[{\"@type\":\"WebPage\",\"@id\":\"https:\\\/\\\/www.copealcoy.es\\\/es\\\/galeria-asi-fue-la-presentacion-del-anuario-2022-de-cope-alcoy\\\/pstfotografia-0002-090323-optimizada\\\/\",\"url\":\"https:\\\/\\\/www.copealcoy.es\\\/es\\\/galeria-asi-fue-la-presentacion-del-anuario-2022-de-cope-alcoy\\\/pstfotografia-0002-090323-optimizada\\\/\",\"name\":\"\u00a9 PSTFotografia 0002 - 090323 Optimizada - COPE Alcoy\",\"isPartOf\":{\"@id\":\"https:\\\/\\\/www.copealcoy.es\\\/es\\\/#website\"},\"datePublished\":\"2023-03-13T08:09:30+00:00\",\"dateModified\":\"2023-03-13T08:15:38+00:00\",\"breadcrumb\":{\"@id\":\"https:\\\/\\\/www.copealcoy.es\\\/es\\\/galeria-asi-fue-la-presentacion-del-anuario-2022-de-cope-alcoy\\\/pstfotografia-0002-090323-optimizada\\\/#breadcrumb\"},\"inLanguage\":\"es\",\"potentialAction\":[{\"@type\":\"ReadAction\",\"target\":[\"https:\\\/\\\/www.copealcoy.es\\\/es\\\/galeria-asi-fue-la-presentacion-del-anuario-2022-de-cope-alcoy\\\/pstfotografia-0002-090323-optimizada\\\/\"]}]},{\"@type\":\"BreadcrumbList\",\"@id\":\"https:\\\/\\\/www.copealcoy.es\\\/es\\\/galeria-asi-fue-la-presentacion-del-anuario-2022-de-cope-alcoy\\\/pstfotografia-0002-090323-optimizada\\\/#breadcrumb\",\"itemListElement\":[{\"@type\":\"ListItem\",\"position\":1,\"name\":\"Portada\",\"item\":\"https:\\\/\\\/www.copealcoy.es\\\/es\\\/\"},{\"@type\":\"ListItem\",\"position\":2,\"name\":\"GALER\u00cdA | As\u00ed fue la presentaci\u00f3n del Anuario 2022 de COPE ALCOY\",\"item\":\"https:\\\/\\\/www.copealcoy.es\\\/es\\\/galeria-asi-fue-la-presentacion-del-anuario-2022-de-cope-alcoy\\\/\"},{\"@type\":\"ListItem\",\"position\":3,\"name\":\"\u00a9 PSTFotografia 0002 &#8211; 090323 Optimizada\"}]},{\"@type\":\"WebSite\",\"@id\":\"https:\\\/\\\/www.copealcoy.es\\\/es\\\/#website\",\"url\":\"https:\\\/\\\/www.copealcoy.es\\\/es\\\/\",\"name\":\"COPE Alcoy\",\"description\":\"Emisora COPE de radio local con emisi\u00f3n online. Pont de Sant Jordi 8-10 03803 Alcoy\",\"potentialAction\":[{\"@type\":\"SearchAction\",\"target\":{\"@type\":\"EntryPoint\",\"urlTemplate\":\"https:\\\/\\\/www.copealcoy.es\\\/es\\\/?s={search_term_string}\"},\"query-input\":{\"@type\":\"PropertyValueSpecification\",\"valueRequired\":true,\"valueName\":\"search_term_string\"}}],\"inLanguage\":\"es\"}]}<\/script>\n<!-- \/ Yoast SEO plugin. -->","yoast_head_json":{"title":"\u00a9 PSTFotografia 0002 - 090323 Optimizada - COPE Alcoy","robots":{"index":"index","follow":"follow","max-snippet":"max-snippet:-1","max-image-preview":"max-image-preview:large","max-video-preview":"max-video-preview:-1"},"canonical":"https:\/\/www.copealcoy.es\/es\/galeria-asi-fue-la-presentacion-del-anuario-2022-de-cope-alcoy\/pstfotografia-0002-090323-optimizada\/","og_locale":"es_ES","og_type":"article","og_title":"\u00a9 PSTFotografia 0002 - 090323 Optimizada - COPE Alcoy","og_description":"Anuario 2022","og_url":"https:\/\/www.copealcoy.es\/es\/galeria-asi-fue-la-presentacion-del-anuario-2022-de-cope-alcoy\/pstfotografia-0002-090323-optimizada\/","og_site_name":"COPE Alcoy","article_modified_time":"2023-03-13T08:15:38+00:00","og_image":[{"width":1600,"height":1065,"url":"https:\/\/www.copealcoy.es\/wp-content\/uploads\/2023\/03\/\u00a9-PSTFotografia-0002-090323-Optimizada.jpg","type":"image\/jpeg"}],"schema":{"@context":"https:\/\/schema.org","@graph":[{"@type":"WebPage","@id":"https:\/\/www.copealcoy.es\/es\/galeria-asi-fue-la-presentacion-del-anuario-2022-de-cope-alcoy\/pstfotografia-0002-090323-optimizada\/","url":"https:\/\/www.copealcoy.es\/es\/galeria-asi-fue-la-presentacion-del-anuario-2022-de-cope-alcoy\/pstfotografia-0002-090323-optimizada\/","name":"\u00a9 PSTFotografia 0002 - 090323 Optimizada - COPE Alcoy","isPartOf":{"@id":"https:\/\/www.copealcoy.es\/es\/#website"},"datePublished":"2023-03-13T08:09:30+00:00","dateModified":"2023-03-13T08:15:38+00:00","breadcrumb":{"@id":"https:\/\/www.copealcoy.es\/es\/galeria-asi-fue-la-presentacion-del-anuario-2022-de-cope-alcoy\/pstfotografia-0002-090323-optimizada\/#breadcrumb"},"inLanguage":"es","potentialAction":[{"@type":"ReadAction","target":["https:\/\/www.copealcoy.es\/es\/galeria-asi-fue-la-presentacion-del-anuario-2022-de-cope-alcoy\/pstfotografia-0002-090323-optimizada\/"]}]},{"@type":"BreadcrumbList","@id":"https:\/\/www.copealcoy.es\/es\/galeria-asi-fue-la-presentacion-del-anuario-2022-de-cope-alcoy\/pstfotografia-0002-090323-optimizada\/#breadcrumb","itemListElement":[{"@type":"ListItem","position":1,"name":"Portada","item":"https:\/\/www.copealcoy.es\/es\/"},{"@type":"ListItem","position":2,"name":"GALER\u00cdA | As\u00ed fue la presentaci\u00f3n del Anuario 2022 de COPE ALCOY","item":"https:\/\/www.copealcoy.es\/es\/galeria-asi-fue-la-presentacion-del-anuario-2022-de-cope-alcoy\/"},{"@type":"ListItem","position":3,"name":"\u00a9 PSTFotografia 0002 &#8211; 090323 Optimizada"}]},{"@type":"WebSite","@id":"https:\/\/www.copealcoy.es\/es\/#website","url":"https:\/\/www.copealcoy.es\/es\/","name":"COPE Alcoy","description":"Emisora COPE de radio local con emisi\u00f3n online. Pont de Sant Jordi 8-10 03803 Alcoy","potentialAction":[{"@type":"SearchAction","target":{"@type":"EntryPoint","urlTemplate":"https:\/\/www.copealcoy.es\/es\/?s={search_term_string}"},"query-input":{"@type":"PropertyValueSpecification","valueRequired":true,"valueName":"search_term_string"}}],"inLanguage":"es"}]}},"description":{"rendered":"<p class=\"attachment\"><a href='https:\/\/www.copealcoy.es\/wp-content\/uploads\/2023\/03\/\u00a9-PSTFotografia-0002-090323-Optimizada.jpg'><img loading=\"lazy\" decoding=\"async\" width=\"413\" height=\"455\" src=\"https:\/\/www.copealcoy.es\/wp-content\/uploads\/2023\/03\/\u00a9-PSTFotografia-0002-090323-Optimizada-413x455.jpg\" class=\"attachment-medium size-medium\" alt=\"\" \/><\/a><\/p>\n"},"caption":{"rendered":"<p>Anuario 2022<\/p>\n"},"alt_text":"","media_type":"image","mime_type":"image\/jpeg","media_details":{"width":1600,"height":1065,"file":"2023\/03\/\u00a9-PSTFotografia-0002-090323-Optimizada.jpg","sizes":{"medium":{"file":"\u00a9-PSTFotografia-0002-090323-Optimizada-413x455.jpg","width":413,"height":455,"mime_type":"image\/jpeg","source_url":"https:\/\/www.copealcoy.es\/wp-content\/uploads\/2023\/03\/\u00a9-PSTFotografia-0002-090323-Optimizada-413x455.jpg"},"large":{"file":"\u00a9-PSTFotografia-0002-090323-Optimizada-980x588.jpg","width":980,"height":588,"mime_type":"image\/jpeg","source_url":"https:\/\/www.copealcoy.es\/wp-content\/uploads\/2023\/03\/\u00a9-PSTFotografia-0002-090323-Optimizada-980x588.jpg"},"thumbnail":{"file":"\u00a9-PSTFotografia-0002-090323-Optimizada-300x300.jpg","width":300,"height":300,"mime_type":"image\/jpeg","source_url":"https:\/\/www.copealcoy.es\/wp-content\/uploads\/2023\/03\/\u00a9-PSTFotografia-0002-090323-Optimizada-300x300.jpg"},"medium_large":{"file":"\u00a9-PSTFotografia-0002-090323-Optimizada-768x511.jpg","width":768,"height":511,"mime_type":"image\/jpeg","source_url":"https:\/\/www.copealcoy.es\/wp-content\/uploads\/2023\/03\/\u00a9-PSTFotografia-0002-090323-Optimizada-768x511.jpg"},"1536x1536":{"file":"\u00a9-PSTFotografia-0002-090323-Optimizada-1536x1022.jpg","width":1536,"height":1022,"mime_type":"image\/jpeg","source_url":"https:\/\/www.copealcoy.es\/wp-content\/uploads\/2023\/03\/\u00a9-PSTFotografia-0002-090323-Optimizada-1536x1022.jpg"},"mnky-100x100":{"file":"\u00a9-PSTFotografia-0002-090323-Optimizada-100x100.jpg","width":100,"height":100,"mime_type":"image\/jpeg","source_url":"https:\/\/www.copealcoy.es\/wp-content\/uploads\/2023\/03\/\u00a9-PSTFotografia-0002-090323-Optimizada-100x100.jpg"},"mnky-200x200":{"file":"\u00a9-PSTFotografia-0002-090323-Optimizada-200x200.jpg","width":200,"height":200,"mime_type":"image\/jpeg","source_url":"https:\/\/www.copealcoy.es\/wp-content\/uploads\/2023\/03\/\u00a9-PSTFotografia-0002-090323-Optimizada-200x200.jpg"},"mnky-300x200":{"file":"\u00a9-PSTFotografia-0002-090323-Optimizada-300x200.jpg","width":300,"height":200,"mime_type":"image\/jpeg","source_url":"https:\/\/www.copealcoy.es\/wp-content\/uploads\/2023\/03\/\u00a9-PSTFotografia-0002-090323-Optimizada-300x200.jpg"},"mnky-600x400":{"file":"\u00a9-PSTFotografia-0002-090323-Optimizada-600x400.jpg","width":600,"height":400,"mime_type":"image\/jpeg","source_url":"https:\/\/www.copealcoy.es\/wp-content\/uploads\/2023\/03\/\u00a9-PSTFotografia-0002-090323-Optimizada-600x400.jpg"},"mnky-1200x800":{"file":"\u00a9-PSTFotografia-0002-090323-Optimizada-1200x800.jpg","width":1200,"height":800,"mime_type":"image\/jpeg","source_url":"https:\/\/www.copealcoy.es\/wp-content\/uploads\/2023\/03\/\u00a9-PSTFotografia-0002-090323-Optimizada-1200x800.jpg"},"cmplz_banner_image":{"file":"\u00a9-PSTFotografia-0002-090323-Optimizada-350x100.jpg","width":350,"height":100,"mime_type":"image\/jpeg","source_url":"https:\/\/www.copealcoy.es\/wp-content\/uploads\/2023\/03\/\u00a9-PSTFotografia-0002-090323-Optimizada-350x100.jpg"},"full":{"file":"\u00a9-PSTFotografia-0002-090323-Optimizada.jpg","width":1600,"height":1065,"mime_type":"image\/jpeg","source_url":"https:\/\/www.copealcoy.es\/wp-content\/uploads\/2023\/03\/\u00a9-PSTFotografia-0002-090323-Optimizada.jpg"}},"image_meta":{"aperture":"0","credit":"PSTFotografia","camera":"","caption":"","created_timestamp":"0","copyright":"PSTFotografia","focal_length":"0","iso":"0","shutter_speed":"0","title":"","orientation":"0","keywords":[]}},"post":111942,"source_url":"https:\/\/www.copealcoy.es\/wp-content\/uploads\/2023\/03\/\u00a9-PSTFotografia-0002-090323-Optimizada.jpg","_links":{"self":[{"href":"https:\/\/www.copealcoy.es\/es\/wp-json\/wp\/v2\/media\/111945","targetHints":{"allow":["GET"]}}],"collection":[{"href":"https:\/\/www.copealcoy.es\/es\/wp-json\/wp\/v2\/media"}],"about":[{"href":"https:\/\/www.copealcoy.es\/es\/wp-json\/wp\/v2\/types\/attachment"}],"author":[{"embeddable":true,"href":"https:\/\/www.copealcoy.es\/es\/wp-json\/wp\/v2\/users\/1"}],"wp:attached-to":[{"embeddable":true,"post_type":"post","id":111942,"href":"https:\/\/www.copealcoy.es\/es\/wp-json\/wp\/v2\/posts\/111942"}],"curies":[{"name":"wp","href":"https:\/\/api.w.org\/{rel}","templated":true}]}}

<!-- This site is optimized with the Yoast SEO plugin v27.3 - https://yoast.com/product/yoast-seo-wordpress/ -->
<title>© PSTFotografia 0002 - 090323 Optimizada - COPE Alcoy</title>
<meta name="robots" content="index, follow, max-snippet:-1, max-image-preview:large, max-video-preview:-1" />
<link rel="canonical" href="https://www.copealcoy.es/es/galeria-asi-fue-la-presentacion-del-anuario-2022-de-cope-alcoy/pstfotografia-0002-090323-optimizada/" />
<meta property="og:locale" content="es_ES" />
<meta property="og:type" content="article" />
<meta property="og:title" content="© PSTFotografia 0002 - 090323 Optimizada - COPE Alcoy" />
<meta property="og:description" content="Anuario 2022" />
<meta property="og:url" content="https://www.copealcoy.es/es/galeria-asi-fue-la-presentacion-del-anuario-2022-de-cope-alcoy/pstfotografia-0002-090323-optimizada/" />
<meta property="og:site_name" content="COPE Alcoy" />
<meta property="article:modified_time" content="2023-03-13T08:15:38+00:00" />
<meta property="og:image" content="https://www.copealcoy.es/wp-content/uploads/2023/03/©-PSTFotografia-0002-090323-Optimizada.jpg" />
	<meta property="og:image:width" content="1600" />
	<meta property="og:image:height" content="1065" />
	<meta property="og:image:type" content="image/jpeg" />
<script type="application/ld+json" class="yoast-schema-graph">{"@context":"https:\/\/schema.org","@graph":[{"@type":"WebPage","@id":"https:\/\/www.copealcoy.es\/es\/galeria-asi-fue-la-presentacion-del-anuario-2022-de-cope-alcoy\/pstfotografia-0002-090323-optimizada\/","url":"https:\/\/www.copealcoy.es\/es\/galeria-asi-fue-la-presentacion-del-anuario-2022-de-cope-alcoy\/pstfotografia-0002-090323-optimizada\/","name":"© PSTFotografia 0002 - 090323 Optimizada - COPE Alcoy","isPartOf":{"@id":"https:\/\/www.copealcoy.es\/es\/#website"},"datePublished":"2023-03-13T08:09:30+00:00","dateModified":"2023-03-13T08:15:38+00:00","breadcrumb":{"@id":"https:\/\/www.copealcoy.es\/es\/galeria-asi-fue-la-presentacion-del-anuario-2022-de-cope-alcoy\/pstfotografia-0002-090323-optimizada\/#breadcrumb"},"inLanguage":"es","potentialAction":[{"@type":"ReadAction","target":["https:\/\/www.copealcoy.es\/es\/galeria-asi-fue-la-presentacion-del-anuario-2022-de-cope-alcoy\/pstfotografia-0002-090323-optimizada\/"]}]},{"@type":"BreadcrumbList","@id":"https:\/\/www.copealcoy.es\/es\/galeria-asi-fue-la-presentacion-del-anuario-2022-de-cope-alcoy\/pstfotografia-0002-090323-optimizada\/#breadcrumb","itemListElement":[{"@type":"ListItem","position":1,"name":"Portada","item":"https:\/\/www.copealcoy.es\/es\/"},{"@type":"ListItem","position":2,"name":"GALERÍA | Así fue la presentación del Anuario 2022 de COPE ALCOY","item":"https:\/\/www.copealcoy.es\/es\/galeria-asi-fue-la-presentacion-del-anuario-2022-de-cope-alcoy\/"},{"@type":"ListItem","position":3,"name":"© PSTFotografia 0002 &#8211; 090323 Optimizada"}]},{"@type":"WebSite","@id":"https:\/\/www.copealcoy.es\/es\/#website","url":"https:\/\/www.copealcoy.es\/es\/","name":"COPE Alcoy","description":"Emisora COPE de radio local con emisión online. Pont de Sant Jordi 8-10 03803 Alcoy","potentialAction":[{"@type":"SearchAction","target":{"@type":"EntryPoint","urlTemplate":"https:\/\/www.copealcoy.es\/es\/?s={search_term_string}"},"query-input":{"@type":"PropertyValueSpecification","valueRequired":true,"valueName":"search_term_string"}}],"inLanguage":"es"}]}</script>
<!-- / Yoast SEO plugin. -->

GALERÍA | Así fue la presentación del Anuario 2022 de COPE ALCOY

Emisora COPE de radio local con emisión online. Pont de Sant Jordi 8-10 03803 Alcoy
